 Let n(i) = 21*i - 41. Let g be n(2). Determine t(g).
3
Let k(z) = z**3 + 86*z**2 + 172*z + 331. Let q be k(-84). Let p(o) = -6 + o**3 + 0 + 4*o**2 - 5*o + 0*o**2. Determine p(q).
-6
Let c(b) be the second derivative of b**5/20 - b**4/6 - 2*b**3/3 - b**2 + 7*b - 2. Calculate c(-2).
-10
Suppose -3*s - 16 = 4*t - 7*s, -2*t - 4*s + 16 = 0. Suppose 3*g - 21 = -t*g. Let c(a) = a**2 - 5*a - 7. Calculate c(g).
7
Let w(r) be the third derivative of -r**5/60 + r**4 + 25*r**3/6 - 5*r**2 - 3*r. Let g be w(25). Let f(o) = -2*o - 9 - o**3 + o**2 - 2 + o. What is f(g)?
-11
Suppose -5*v = -d - 23, 2*v + 24 = 4*d + 62. Let c(k) = -k**3 - 7*k**2 + 8*k + 4. What is c(d)?
4
Let w(t) = 2*t**2 - t - 1. Let b be (72/24)/((-3)/(-2)). Suppose 3*s - 5*s - b = 0. Determine w(s).
2
Let d(z) be the third derivative of z**5/60 + z**4/6 + 5*z**3/6 + 7*z**2 + 1. Suppose -16 = 5*w + 9. Determine d(w).
10
Let r(o) be the second derivative of -10*o**3/3 - o**2/2 + 27*o. What is r(-2)?
39
Suppose 4*u + 171 = 13*u. Let q(y) = 29*y - 30*y - u + 21. Give q(-3).
5
Let k(y) = -y**3 + 3*y**2 - 4*y + 15. Let f be k(3). Let w(j) = -2*j**3 + j**2 - 3. Determine w(f).
-48
Suppose -m + 4*j - 11 = 0, 5*m + 2*j - 33 = -0*j. Suppose m*g + 7 = -13. Let a(r) = 2*r + 2. What is a(g)?
-6
Let q = -4657/2 + 2330. Let h(n) be the second derivative of -12*n - 1/6*n**3 + q*n**2 + 0. What is h(0)?
3
Let z(l) = -l**2 - 2. Let b = -43 + 47. Suppose -3*c - c = -b*u + 20, -2*u - 4*c = 8. Calculate z(u).
-6
Let u be (-60)/(-270) + (-172)/(-36) + 4. Let x(j) = j**2 - 9*j + 6. Give x(u).
6
Let g(v) = -2*v**3 - 20*v**2 + v + 9. Let x(t) = -2*t**3 - 20*t**2 + t + 10. Let l(i) = 4*g(i) - 5*x(i). Give l(-10).
-4
Let p(c) be the second derivative of -c**3/3 + c**2/2 + 576*c. What is p(0)?
1
Let c(d) be the first derivative of -d**4/4 - 10*d**3/3 - d**2/2 + 13*d + 270. Calculate c(-10).
23
Let m(u) = u**3 - 1. Let i(a) = 7*a**3 - 7*a**2 + 5*a - 3. Let n = 2 + -3. Let w(q) = n*i(q) + 6*m(q). What is w(6)?
3
Suppose j = -c - 2, c + 5*j = -2*c. Let k = c + 3. Let r(q) = -q**3 - q**2 + q + 2. Calculate r(k).
4
Suppose -11 = -4*w + 3*z, -2*z + 16 = 2*w - 0*z. Let y(a) = 13*a + 15*a - 26*a - w + 0. Calculate y(5).
5
Suppose 0 = -d + 106 + 124. Let t be d/55 - 2/11. Let w(r) = -2 + 5*r + t - r. Give w(-2).
-6
Let z(g) = g**2 - 1. Let s(c) = -c**2 + 4*c + 3. Let p(y) = s(y) + 2*z(y). Calculate p(-7).
22
Let a(y) = 10*y**2 + 7*y + 9. Let w(t) = -3*t**2 + 2*t - 1. Let g(l) = -a(l) - 3*w(l). Give g(-10).
24
Let d = 427 + -429. Let p(s) = 4*s - 4*s - s + 2. What is p(d)?
4
Let r(l) be the second derivative of 5/2*l**2 - 1/120*l**6 + 1/12*l**4 - 5*l - 2/3*l**3 + 1/12*l**5 + 0. Let x(c) be the first derivative of r(c). What is x(5)?
6
Let z(y) = -2 - 9*y - y**2 + 12*y + 2*y**2 - 7*y. Calculate z(5).
3
Suppose d - 2 = 0, 0*r - 3 = r - 3*d. Suppose r*g + 5*j = 11, -3*j - 1 = -13. Let u(m) = m**2 + 7*m - 1. Give u(g).
-13
Let k(v) be the first derivative of -2*v**3/3 - 3*v**2/2 + v + 119. What is k(-3)?
-8
Let t(q) = -q**3 + q**2 + q - 3. Suppose 4*z + 3*z - 7 = 0. What is t(z)?
-2
Suppose 18*v = 20*v - 12. Let m(r) be the second derivative of r**4/8 - 4*r**3/3 + r**2 + 4*r. Let y(f) be the first derivative of m(f). What is y(v)?
10
Let r be 46/(-11) - (24/33)/(-4). Let l be (r/1)/(-1) - (8 + -4). Let s(t) be the first derivative of -t**4/4 - t**2/2 - 3*t - 1. Give s(l).
-3
Let l(s) = 4*s + 10. Let k be l(-4). Let m(r) = -6*r**3 - 12*r**2 - r - 8. Let c(u) = 7*u**3 + 13*u**2 + 9. Let g(n) = k*m(n) - 5*c(n). Give g(-6).
3
Let u(i) = 16 - 9 - 5*i**2 + 0 - 2*i - 2 - 4 - i**3. Suppose 4 = -3*o - 4*z, 0 = -3*o - o + z - 18. Let l = -7 - o. Determine u(l).
-11
Let h(y) = 4*y - 15. Let m(s) = 11*s**2 - 365*s + 68. Let r be m(33). What is h(r)?
-7
Let c(p) = -p + 10. Let g be c(8). Suppose -g*w + w = -2. Let k(n) = 68 - 2*n - 72 - n**3 + 4*n**w + 9*n. What is k(5)?
6
Let f(b) = -b + 2. Let z(h) = h. Let i be 2*2/(-5 + 1). Let s(u) = -6*u + 3. Let w(k) = i*s(k) - 5*z(k). Let p be w(-3). What is f(p)?
8
Let n(o) = -o**3 + 6*o**2 + 27*o + 4. Suppose 39*r = -59*r + 882. Calculate n(r).
4
Let x = 34 + -31. Let y(g) = g**3 - 4*g**2 + 2*g - 3. Let z be y(x). Let c(f) = -f**2 - 8*f - 3. Determine c(z).
9
Suppose -31 = 30*c + 119. Let b(s) = s**2 + s + 4. Calculate b(c).
24
Let a(p) = -62*p**2 + 61*p**2 + 2*p + 3*p. Let t(g) = g**3 + 4*g**2 + 2*g + 3. Let z be t(-3). Let r be (-3)/z*2*-4. Determine a(r).
4
Let n(x) = 14*x + 16. Let s(a) = 3*a + 3. Let q(p) = -n(p) + 5*s(p). Give q(-12).
-13
Let r(w) = -5*w**2 + 15*w - 4. Let n(o) = -5*o**2 - 13 + 3*o**2 - 9*o - 12*o**2 + 53*o. Let d(j) = 6*n(j) - 17*r(j). Calculate d(-7).
-24
Let c(d) = -d - 13. Let r be c(4). Let v(z) = z**2 - z + 2. Let x be v(4). Let k = r + x. Let s(n) = n**3 + 3*n**2 - n. Give s(k).
3
Let v = -187 - -182. Let s(a) = a**3 + 5*a**2 + 5. Determine s(v).
5
Let z(y) = -5*y + 6*y - 11 + 11 + 7*y**2. Let j(b) = -b**3 - b**2 + 3*b + 1. Let x be j(-2). Give z(x).
6
Let k = 27 - 19. Suppose 10 = -4*j - 10. Let c = k + j. Let b(a) = -a + 1. Give b(c).
-2
Let w be ((-36)/(-14))/(174/(-609)). Let j(x) = -x**3 - 7*x**2 + 18*x + 5. Determine j(w).
5
Let d(b) be the third derivative of 0*b - 1/60*b**5 - 7/6*b**3 - 4*b**2 - 7/24*b**4 + 0. Calculate d(-6).
-1
Suppose -j - 6 = n - 0, 3*n + 16 = -5*j. Let k(r) = r**3 + 8*r**2 + 6*r - 3. Determine k(n).
4
Let w(m) = 6*m**2 - 3*m - 3. Let j be w(-2). Let v = j + -27. Let i(h) be the second derivative of -h**5/20 - h**3/6 - 7*h**2/2 - 6*h. Determine i(v).
-7
Let u(x) = -x + 10 + x - 4*x + 3*x. Let s(f) = -f**2 + 11*f - 10. Let b be s(10). Let c be b/((-5 + 1)/((-6)/(-3))). Give u(c).
10
Let z(d) be the second derivative of d**3/3 - d**2/2 - d - 99. Determine z(-3).
-7
Let j(t) = -14*t + 48. Let s be j(3). Let k(g) be the first derivative of g**3/3 - 4*g**2 + g + 1. Give k(s).
-11
Let g(p) = p**3 - 6*p**2 - 3*p - 14. Let k(v) = -v**2 + 23*v + 997. Let z be k(-22). Determine g(z).
14
Let p(z) = z**2 + 5*z - 7. Let c = -74 + 78. Let s be (c - 32)*(-2)/(-8). Give p(s).
7
Let a be 4/6*(-8)/((-48)/(-198)). Let h be (4/(-6))/(a/33). Let p(r) = -7*r - 3. Let y(x) = -8*x - 2. Let l(n) = -4*p(n) + 6*y(n). Determine l(h).
-20
Suppose 3*w + 0*w - 3*h + 24 = 0, 0 = -2*w + 5*h - 28. Let s be (-8)/2 + 0 - w. Suppose -5*o + s = -10. Let d(l) = 3*l**3 - 3*l**2 + l + 2. What is d(o)?
16
Suppose 14*z + 12 = -i + 9*z, -60 = 5*i + 2*z. Let a(s) = -s**2 - 12*s - 3. Calculate a(i).
-3
Let h(a) be the first derivative of a**4/4 - 5*a**3/3 - a**2/2 - 3*a - 351. Give h(4).
-23
Let t(s) = 55*s**2 - s**3 + 4*s + 40*s**2 - 1 - 104*s**2. Let g(x) = x**2 - x - 1. Let p(b) = 4*g(b) + t(b). What is p(-4)?
-21
Let n be 42 + -8 - (0/1 + 2). Let a(y) = n*y + 37*y - 64*y. Give a(1).
5
Let n(u) = -u**2 - 8*u + 27. Let r be n(-12). Let m be ((-49)/r)/((-1)/3*1). Let q(f) = -5*f - f**2 - 4*f + 4 + 2*f. What is q(m)?
4
Let y(a) = 27*a + 14. Let v(m) = -10*m - 5. Let r(w) = 17*v(w) + 6*y(w). Let c(o) = o**3 - 4*o**2 + o - 2. Let l be c(3). Let u = l + 7. Give r(u).
7
Let j(k) = k**2 - 2*k - 7. Let d(x) be the first derivative of -x**2 - 27*x - 12. Let m be d(-16). Calculate j(m).
8
Let g(i) = 2 + 1 - 3 - i - 3. Let u = -60 + 64. Give g(u).
-7
Let n(h) be the second derivative of -h**4/12 - h**3/6 - h**2 + 2*h. Let g be (17 + -17)/(1 - 0). Let j be (0 - g)/(-4 - -6). Determine n(j).
-2
Let v(c) = c**2 + 2*c - 2. Let y be (4/6)/(8/60). Let g(h) = 7. Let s(k) = -6. Let q(x) = y*g(x) + 6*s(x). Let m(j) = -2*q(j) - v(j). What is m(-4)?
-4
Let i(c) = -78*c**3 + 2*c**2 - 5. Let m(r) = -25*r**3 + r**2 - 2. Let z(k) = 3*i(k) - 8*m(k). Determine z(-1).
33
Let w = -715 + 719. Let v(a) = 2*a**2 - 5*a - 2. Determine v(w).
10
Let a(g) = -g**3 - 8*g**2 + 8*g - 11. Let y be a(-9). Let b be 6*(y/(-4) + -1). Let r(p) = -p - 7. What is r(b)?
-4
Let g(u) = -2*u + 5. Suppose 8*m - 2 = 7*m. Let k(c) = 2*c**2 - 3*c. Let o be k(m). Suppose o*t - 2 - 6 = 0. Give g(t).
-3
Let o(x) = 3*x**3 + 2 + x**2 + x**2 - 4*x**2 - 4*x**3 + 4*x. Let j be o(-3). Let a be j*(0 - -1 - -4). Let r(h) = 2*h + 7. What is r(a)?
-3
Let y(n) = n - 21. Let i be y(10). Let l(f) be the second derivative of f**5/20 + f**4 + 2*f**3 + 9*f**2/2 - 147*f. What is l(i)?
-2
Let m(c) = -c**3 - 2*c**2 + 3*c + 1. Suppose 4*h - 22 = -2. Let j = h +